6?
False
Is 1114375141 a multiple of 1091?
False
Is 139940925 a multiple of 6925?
False
Is 4935334 a multiple of 6?
False
Is 2 a factor of 62036181?
False
Is 2735 a factor of 99102725?
True
Is 432 a factor of 321274944?
True
Does 53 divide 1184718010?
True
Does 85 divide 61300405?
False
Does 14 divide 42625981?
False
Is 2881480 a multiple of 140?
True
Is 1397 a factor of 115797575?
False
Does 1928 divide 581295231?
False
Is 341537828 a multiple of 632?
False
Is 62938351 a multiple of 227?
False
Is 923260 a multiple of 134?
True
Is 714 a factor of 570068326?
False
Is 6716922 a multiple of 378?
False
Is 993713952 a multiple of 122?
False
Is 10 a factor of 34713720?
True
Is 37 a factor of 10557691?
True
Is 751703 a multiple of 19?
False
Is 11904467 a multiple of 4?
False
Does 864 divide 116733948?
False
Does 4136 divide 767519417?
False
Is 1326762 a multiple of 18?
True
Is 20 a factor of 111137140?
True
Does 54 divide 413793769?
False
Is 5586 a factor of 1599563270?
False
Is 31 a factor of 1938179985?
True
Is 130 a factor of 506541360?
True
Does 2603 divide 92379237?
False
Does 616 divide 50157422?
False
Is 923891411 a multiple of 25?
False
Is 734628332 a multiple of 34?
False
Is 14 a factor of 895897071?
False
Is 2409132688 a multiple of 14?
False
Is 334 a factor of 84308948?
True
Is 84 a factor of 27390076?
False
Is 53591725 a multiple of 48?
False
Is 9381275 a multiple of 2014?
False
Is 20 a factor of 273610661?
False
Is 38 a factor of 49023002?
True
Does 83 divide 75645453?
True
Is 40 a factor of 16936520?
True
Does 9 divide 1240666?
False
Is 12297864 a multiple of 152?
True
Is 10 a factor of 197792260?
True
Is 436 a factor of 350591088?
True
Is 86960800 a multiple of 12?
False
Is 34 a factor of 1585951721?
False
Is 4017 a factor of 265280966?
False
Does 72 divide 90911560?
False
Is 113 a factor of 112669927?
True
Does 1206 divide 39963105?
False
Is 19 a factor of 128104795?
False
Is 3606355473 a multiple of 6335?
False
Does 141 divide 41097552?
True
Does 102 divide 26111048?
False
Is 768211925 a multiple of 1103?
True
Is 314882505 a multiple of 135?
True
Does 16 divide 1838178192?
True
Does 83 divide 23285935?
False
Does 88 divide 579768992?
True
Is 16 a factor of 2557289868?
False
Does 22 divide 9853358?
False
Is 18 a factor of 693834740?
False
Does 403 divide 47917506?
True
Is 199163774 a multiple of 13?
False
Is 7 a factor of 3638831?
True
Is 140 a factor of 389435200?
True
Is 13519066 a multiple of 11?
True
Is 188682 a multiple of 5?
False
Is 4943 a factor of 3148944316?
False
Is 2566 a factor of 229252263?
False
Is 9 a factor of 66349461?
False
Is 4 a factor of 133555977?
False
Is 97 a factor of 88648591?
True
Is 737836038 a multiple of 29?
True
Is 4237820 a multiple of 94?
False
Is 844023182 a multiple of 117?
False
Is 26 a factor of 233177911?
False
Is 1193 a factor of 12606431?
True
Is 4699 a factor of 1209241863?
False
Does 1709 divide 185672009?
False
Is 12365596 a multiple of 731?
True
Is 12183946 a multiple of 710?
False
Does 374 divide 17750040?
True
Is 7837089 a multiple of 38?
False
Is 1600 a factor of 116758400?
True
Does 32 divide 95262861?
False
Does 2132 divide 491444079?
False
Is 155876 a multiple of 7?
True
Is 278909568 a multiple of 1952?
True
Is 487525 a multiple of 70?
False
Is 16596275 a multiple of 15?
False
Is 5 a factor of 30166890?
True
Is 1262306496 a multiple of 912?
True
Is 4709 a factor of 5983672236?
False
Is 2133567 a multiple of 2?
False
Does 198 divide 29667279?
False
Does 1574 divide 7699086?
False
Does 12 divide 92583888?
True
Is 8 a factor of 43692465?
False
Does 96 divide 26489511?
False
Is 549 a factor of 100332495?
True
Does 121 divide 12617894?
False
Is 96191900 a multiple of 134?
True
Does 11 divide 15544287?
True
Does 37 divide 187520995?
True
Is 1687 a factor of 120705002?
False
Is 15 a factor of 649855770?
True
Does 90 divide 74842742?
False
Is 331714052 a multiple of 342?
False
Is 52 a factor of 51368720?
True
Does 39 divide 403117435?
False
Is 3758 a factor of 88399003?
False
Does 19 divide 66571579?
False
Is 469 a factor of 37799055?
True
Does 33 divide 54300739?
False
Is 44 a factor of 10095272?
True
Is 57 a factor of 36737013?
True
Is 233846198 a multiple of 23?
True
Does 19 divide 51643874?
False
Is 811 a factor of 1644951084?
False
Is 709 a factor of 350944880?
False
Is 152 a factor of 57157928?
True
Is 145201376 a multiple of 116?
True
Is 28696973 a multiple of 361?
True
Does 31 divide 6959809?
False
Is 5544 a factor of 1251092304?
True
Is 74 a factor of 3930373?
False
Does 1957 divide 518555042?
False
Is 2339042832 a multiple of 336?
True
Is 2867256443 a multiple of 2350?
False
Is 20 a factor of 447130860?
True
Does 3 divide 9854691?
True
Does 66 divide 1004804526?
True
Is 6 a factor of 12183951?
False
Is 33189872 a multiple of 24?
False
Does 359 divide 323483053?
True
Does 313 divide 149301939?
True
Does 11 divide 233863861?
True
Does 2215 divide 48727659?
False
Is 247946940 a multiple of 45?
True
Is 5 a factor of 4101410?
True
Is 83 a factor of 66975080?
False
Is 26354127 a multiple of 863?
False
Is 1169951 a multiple of 24?
False
Does 36 divide 5690196?
True
Does 48 divide 9904224?
True
Is 6417840 a multiple of 142?
False
Does 4 divide 311648715?
False
Does 2277 divide 19953351?
True
Is 671569444 a multiple of 28?
True
Does 28 divide 2046881?
False
Does 6 divide 26702927?
False
Is 1052560635 a multiple of 14?
False
Is 5 a factor of 21641074?
False
Is 6839 a factor of 520776172?
True
Is 147710160 a multiple of 40?
True
Is 6152169 a multiple of 51?
False
Does 4 divide 34680120?
True
Is 14434639 a multiple of 14?
False
Is 413530078 a multiple of 26?
True
Is 114 a factor of 89309880?
True
Does 1413 divide 116049647?
False
Is 24 a factor of 101464392?
True
Is 19 a factor of 540117788?
True
Is 30542093 a multiple of 5?
False
Is 53 a factor of 53174551?
False
Is 20 a factor of 94586160?
True
Does 104 divide 80071244?
False
Is 85943270 a multiple of 1343?
False
Does 277 divide 659749728?
False
Is 89 a factor of 305534152?
True
Does 90 divide 3000510?
True
Is 391 a factor of 20504621?
False
Is 617823463 a multiple of 3929?
True
Is 7227108 a multiple of 18?
True
Does 14 divide 5194739?
False
Is 3237331509 a multiple of 3699?
True
Is 132520920 a multiple of 1106?
True
Is 124512672 a multiple of 12?
True
Does 18 divide 175571192?
False
Is 790 a factor of 1832143349?
False
Is 41 a factor of 41060859?
False
Does 29 divide 17961841?
False
Is 660 a factor of 282087728?
False
Is 312729742 a multiple of 372?
False
Is 17 a factor of 5725584916?
False
Does 147 divide 52408440?
True
Is 5213809692 a multiple of 14?
True
Is 395936525 a multiple of 283?
False
Is 30 a factor of 1284430?
False
Is 1789171 a multiple of 72?
False
Is 711537 a multiple of 84?
False
Is 169 a factor of 803869625?
True
Is 9560391 a multiple of 108?
False
Is 48564623 a multiple of 431?
False
Is 18817604 a multiple of 592?
False
Is 711428352 a multiple of 8?
True
Is 51104529 a multiple of 9?
True
Is 80808105 a multiple of 147?
True
Does 476 divide 35650263?
False
Is 157156260 a multiple of 6?
True
Is 1443931339 a multiple of 19?
False
Is 17890952 a multiple of 507?
False
Is 61481451 a multiple of 109?
False
Does 11 divide 12413247?
True
Does 2 divide 76874885?
False
Does 501 divide 155772423?
True
Does 5 divide 21351176?
False
Does 54 divide 1477717?
False
Is 21 a factor of 184265117?
False
Does 14 divide 205985291?
False
Does 28 divide 110990118?
False
Is 377 a factor of 6836999?
False
Does 116 divide 330600?
True
Is 112 a factor of 3463433741?
False
Is 65 a factor of 205231138?
False
Does 9 divide 372793091?
False
Is 14603607 a multiple of 2192?
False
Is 3202 a factor of 448865966?
True
Is 680 a factor of 5024057?
False
Is 98836848 a multiple of 243?
True
Does 46 divide 40525770?
True
Is 449493010 a multiple of 742?
False
Does 53 divide 88167620?
True
Is 1990062 a multiple of 432?
False
Is 169847099 a multiple of 19?
True
Is 130809872 a multiple of 1217?
False
Is 586612377 a multiple of 2407?
True
Is 281571600 a multiple of 24?
True
Is 284905510 a multiple of 1415?
False
Does 335 divide 3016340?
True
Is 10043757 a multiple of 9?
True
Is 275 a factor of 54053725?
True
Is 170669376 a multiple of 72?
True
Is 4264583 a multiple of